*k**2. What is the remainder when 30 is divided by p(j)?
6
Let z be (-18)/(-4) - (-1)/2. Suppose 0 = -2*i - 2*i. Suppose -5*y + z*l + 245 = i, -y + 14 = -5*l - 55. What is the remainder when y is divided by 15?
14
Let y = -3 - -12. Suppose 3*v = 3*g + v - 17, v - y = -g. Calculate the remainder when 20 is divided by g.
6
Let q(n) be the first derivative of 3*n**4/4 + 2*n**3/3 + n**2 - 3*n - 4. Calculate the remainder when q(2) is divided by 9.
6
Let q = -41 - -46. What is the remainder when 14 is divided by q?
4
Let w = 54 + -23. Calculate the remainder when 91 is divided by w.
29
Let a(n) = -12*n - 3. Let i(v) = -v - 1. Let o(l) = a(l) + 2*i(l). Calculate the remainder when o(-3) is divided by 10.
7
Let j(p) = p**2 + 5*p + 7. What is the remainder when 13 is divided by j(-5)?
6
Suppose 5*r + 4 = 19. Suppose 5*z + 0*n - 57 = 2*n, -r*n - 53 = -5*z. What is the remainder when z is divided by 5?
3
Let c be (-20)/(-9) - (-8)/(-36). Suppose 0 = c*w + 55 - 3. Calculate the remainder when 0 - w - (-1 + -1) is divided by 10.
8
Let l = -4 - 0. Let k(z) = -z**2 - z**3 - 4 + 0*z**3 - 3*z + 0*z. What is the remainder when k(l) is divided by 19?
18
Let j(c) = -24*c**3 + 2*c**2 + c. Let x be j(-1). Let y = -6 + x. What is the remainder when 36 is divided by y?
17
Suppose 5*j - 437 = 4*r + 423, -1104 = 5*r + j. What is the remainder when 16 is divided by 2/(-7) + r/(-35)?
4
Suppose 5*g - 36 = g. Let b = -12 + 7. Let f = b + 10. Calculate the remainder when g is divided by f.
4
Let c = -29 - -46. What is the remainder when 50 is divided by c?
16
Suppose -7*w + 2*w = -160. What is the remainder when w is divided by 11?
10
Let x = 27 - 25. Suppose -n - 4*v = x, -5*v + 3 + 0 = 4*n. Calculate the remainder when 5 is divided by n.
1
Let i = 166 + -102. Calculate the remainder when i is divided by 5.
4
What is the remainder when 7 is divided by 9 + (-12)/(4/1)?
1
Let o be 80/(-30)*30/8. What is the remainder when o/(-4)*64/20 is divided by 5?
3
Let g be 10*(-1 - 63/(-15)). Suppose -g = -5*r - 7. Suppose 8 = r*y - 82. What is the remainder when y is divided by 5?
3
Let o = -510 + 744. Suppose 4*m - 66 - o = 0. What is the remainder when ((-4)/(-6))/(2/m) is divided by 9?
7
Let u(f) = -3*f + 0*f + 2*f. Calculate the remainder when u(-6) is divided by 4/(-14) + 46/14.
0
Let l(s) = 0*s - 2*s - s - 12 + 0*s. What is the remainder when 22 is divided by l(-6)?
4
Suppose -23 = 5*f - 63. Let z = 45 + -17. What is the remainder when z is divided by f?
4
Let f(n) be the third derivative of -n**4/12 + 5*n**3/6 + n**2. Calculate the remainder when 8 is divided by f(0).
3
Let b = 13 - 7. Suppose 0 = 4*d - 0*d - 16. Let s = d + -1. What is the remainder when b is divided by s?
0
Suppose 5*p - 2*l = -60, 0*p - 3*l = 2*p + 24. What is the remainder when -4*15/p*1 is divided by 4?
1
Suppose -2*c = h - 21, -5*h + c + 53 = -2*c. Calculate the remainder when h is divided by 3.
1
Let s(g) be the first derivative of g**2/2 + g - 2. Suppose 5*c - 2 = 38. Calculate the remainder when c is divided by s(2).
2
Suppose 0 = -3*m + 3*l + 72, 0*l + 3*l - 15 = 0. Calculate the remainder when m is divided by 8.
5
Let f(b) = b**2 - 7*b - 3. Let u be f(7). What is the remainder when 26 is divided by 14*3/u*-1?
12
Suppose -2*w - 9 - 5 = -2*k, -3*k - w = -5. Calculate the remainder when k/((-3)/(-65))*1 is divided by 34.
31
Suppose 2*d + 20 = v, -5*v - 57 = 2*d - 157. Calculate the remainder when v is divided by 8.
4
Let s = 31 + 6. Calculate the remainder when s is divided by 10.
7
Let o = -4 - -1. Let z(i) = -10*i - 2. Suppose 2*u = 4 + 26. What is the remainder when z(o) is divided by u?
13
Suppose o + 15 = 6*o. Calculate the remainder when (2/o)/((-4)/(-114)) is divided by 7.
5
Let z = 52 + -20. Suppose -3*o = -4*o - 6. Let n(q) = q**2 + 4*q - 1. What is the remainder when z is divided by n(o)?
10
Let l(w) = -2*w**3 + 3*w**2 + 5*w - 4. Let x be l(3). Let g = 41 + x. Calculate the remainder when g is divided by 9.
7
Let d = 13 + -11. Let r = d + 2. Calculate the remainder when 10 is divided by r.
2
Let f(m) = -m**2 - 6*m - 5. What is the remainder when 10 is divided by f(-4)?
1
Let r(w) = -w**3 - w**2 + w + 8. Let l(s) = s**2 - 9*s + 5. Suppose -9 = -0*y - y. What is the remainder when r(0) is divided by l(y)?
3
Let w = 9 + 11. What is the remainder when 38 is divided by w?
18
Let u = 24 + -14. What is the remainder when u is divided by 7?
3
Let b be (0 + (-2)/(-4))*12. What is the remainder when 26 is divided by (b/(-8))/((-10)/120)?
8
Let u be 2/8 - 21/(-12). Let c(g) = -7 - u*g + g + 21. What is the remainder when 19 is divided by c(7)?
5
Suppose 2*b + 22 = 5*v, -2*b - 2 = -3*v + 8. Calculate the remainder when 8 is divided by 2/v + (-42)/(-9).
3
Calculate the remainder when (-670)/(-40) - (1 + (-5)/4) is divided by 11.
6
Let v(u) = -20*u. Let t be v(-1). Suppose 3*k - t = -2*r + 3, 5*k - 41 = -2*r. Calculate the remainder when k is divided by 5.
4
Suppose -2*n + 6 = n. Let y(r) = r + 8. Let v be (-2)/3 - 48/9. What is the remainder when n is divided by y(v)?
0
Let t(c) = -c + 4. Let g be t(-5). Let v = g - -4. What is the remainder when v is divided by 7?
6
Suppose 2*d + 3*x = -38, -d = -0*d + 4*x + 19. Calculate the remainder when 36 is divided by d*(1 + 0 + -2).
17
Let a = 196 + -116. Suppose -h - 2*h = -4*j + 75, 4*j - a = 4*h. Let m(t) = 2*t**2 + 3*t + 2. Calculate the remainder when m(3) is divided by j.
14
Suppose 4*o = -3*y + 48, -64 = -4*y - 5*o + o. Let m = 13 - 6. Suppose 0 = 2*d - m*d + 45. Calculate the remainder when y is divided by d.
7
Suppose -33*o + 38*o = 90. Calculate the remainder when 53 is divided by o.
17
Let j(n) = n**2 + n + 30. Suppose 2*l - 4*z + 17 + 3 = 0, 2*z = 3*l + 10. What is the remainder when 117 is divided by j(l)?
27
Suppose 0 = -t - 3 + 20. Let d(c) = -24*c. What is the remainder when d(-2) is divided by t?
14
Suppose 0 = 5*z + 3*p + p + 4, 0 = 2*z + 5*p + 5. Suppose z = t - 11 - 3. Calculate the remainder when 27 is divided by t.
13
Let b(k) = 29*k**2 + 6*k - 1. What is the remainder when b(-2) is divided by 26?
25
Suppose 12*f - 10*f = 38. What is the remainder when f is divided by (-2)/(-4) - (-91)/14?
5
Suppose 4*v - 500 = -3*d, -v - 37 + 167 = 2*d. Calculate the remainder when v is divided by 31.
29
What is the remainder when (47 - 10/5) + 4 is divided by 17?
15
Let h = 121 + -100. What is the remainder when 82 is divided by h?
19
Suppose 0 = -a - 5*y + 18, -2*y - 23 - 1 = -2*a. Suppose r - 1 = 3. Calculate the remainder when a is divided by r.
1
Let s(x) = 608*x**2. Let k be s(1). Suppose 3*g = -g + k. Let h = 213 - g. What is the remainder when h is divided by 21?
19
Let j be 3 - (1 - (3 + -2)). Suppose 0 = j*r - 92 + 26. What is the remainder when r is divided by 12?
10
Let z = -87 + 132. Suppose -s + z = 2*s. What is the remainder when 29 is divided by s?
14
Suppose 3*o = -2*y + 46, 4*o + 8*y - 60 = 4*y. Suppose 3*q = 11 + o. Calculate the remainder when 16 is divided by q.
7
Let c(k) = k + 16. Let j(p) = -p - 15. Let z(n) = -3*c(n) - 4*j(n). Calculate the remainder when 23 is divided by z(0).
11
Let b(f) = -f**3 + 5*f**2 + 2. Let m be b(5). Suppose -i + 8 + m = 0. What is the remainder when 28 is divided by i?
8
Let y(w) = -2*w - 9. Suppose 5*a = q - 6*q + 100, -2*q = -5*a + 79. What is the remainder when a is divided by y(-9)?
8
Let l = -4 - -1. Let i be (l - 0)/(-3) - -37. Suppose -c + i = c. Calculate the remainder when c is divided by 11.
8
Let v(p) = -p**3 + 9*p**2 - 5*p - 6. Calculate the remainder when v(8) is divided by 5.
3
Suppose 90 = 2*f - 0*f + 2*w, 4*f - 165 = w. Calculate the remainder when f is divided by (-10)/15 + (-47)/(-3).
12
Let h be -4 - (-12)/2 - 0. What is the remainder when 53 is divided by 272/20 - h/(-5)?
11
Suppose 2*q = f + 2*f - 75, 4*f - 5*q = 93. Calculate the remainder when f is divided by 4.
3
Let x(o) = 19*o - 14. What is the remainder when x(5) is divided by 28?
25
Let l = -60 - -122. Calculate the remainder when 185 is divided by l.
61
Let y(w) = w + 9. Let g be (-10)/2 - (1 + 1). Suppose 11 - 13 = -4*c - 2*k, -c - 1 = k. What is the remainder when c is divided by y(g)?
0
Let z = -3 - 0. Let q(i) = i**2 + 2*i - 1. Let w be q(z). Suppose 4*n + 181 = 5*o, 2*o + o - 107 = w*n. Calculate the remainder when o i